 g(c) = c + 3. Let u be g(-3). Suppose -2 = -x + l, 5*x + u*l + 2*l = -25. What are the prime factors of (x - -1)*(-11)/2?
11
Let c = 42 + 45. List the prime factors of c.
3, 29
List the prime factors of 1 - (-28)/(-8)*-28.
3, 11
Let i(n) = 1 - 2*n**3 + 2 + 3*n + 0. Let d be i(-2). Suppose 4*l - 23 = d. List the prime factors of l.
3
Let n(s) be the third derivative of -s**6/120 - s**5/10 - 5*s**4/24 + s**3/3 + 2*s**2. Let p be n(-5). What are the prime factors of (p/(-5))/((-1)/35)?
2, 7
Suppose 0 = -4*f + 14 + 2. Let t be (-8)/6 + f/(-6). Let c(r) = 4*r**2 + 3*r. List the prime factors of c(t).
2, 5
Let p be 1 + 1 - 6/3. Let u = p - -2. List the prime factors of u.
2
Let p(m) = 3*m**2 - 16*m + 10. Let o(w) = 2*w**2 - 8*w + 5. Let c(u) = 5*o(u) - 3*p(u). What are the prime factors of c(-9)?
2
Let j = 35 - 64. Let o be (-41)/2 - (-2)/4. Let h = o - j. What are the prime factors of h?
3
Let m(z) = 0*z - 1 + z**3 - 2*z**3 + 9*z + 7*z**2. Let q be m(8). Let c = q - -2. List the prime factors of c.
3
Suppose -6 - 42 = -4*l. Let w be (1 + (-117)/l)*4. Let r = -24 - w. List the prime factors of r.
11
List the prime factors of ((-5)/1)/(1/(-10)).
2, 5
Let k(p) = p**3 + 3*p**2 + p - 2. Let h be k(-2). Suppose -2*v = -h*v - 18. What are the prime factors of v?
3
Let p = -20 + 50. Suppose -5*h + 2*h - 3*z = -p, -h + 25 = -2*z. List the prime factors of h.
3, 5
What are the prime factors of 4146/14 - (-150)/175?
3, 11
Let h = -1 + 1. Suppose -i = -h*i - 44. List the prime factors of i.
2, 11
Let w(a) = -a + 2. Let b be w(0). Suppose -v - 33 = -b*d, -d = -5*v + 2*v - 4. What are the prime factors of d?
19
Let l be 1 + 3/2*2. What are the prime factors of ((-10)/l)/(1/(-2))?
5
Let k be 96 - -6 - (-3 + 2). Let c = -70 + k. List the prime factors of c.
3, 11
Let s(b) = 2*b**2 + 9*b + 4. What are the prime factors of s(-6)?
2, 11
Let o be (-3)/(-2)*(5 + -1). What are the prime factors of (172/o)/(22/33)?
43
Let l be (3/(-3))/(1/(-111)). List the prime factors of l*((-6)/(-9))/2.
37
Let b(l) = -1. Let n(f) = f**2 + 1. Let k(y) = -8*y**2 - 2*y + 1. Let q(u) = -k(u) - 3*n(u). Let i(r) = -2*b(r) + q(r). List the prime factors of i(-2).
2, 7
Let j(v) = -v**2 - 4*v - 1. Let m be j(-5). Let r be (-15)/m*(-16)/(-10). Let z = 3 + r. List the prime factors of z.
7
Suppose -k + 3 = -2*s + 6, 5*s = 3*k + 6. What are the prime factors of s?
3
List the prime factors of 116/10 + 14/35.
2, 3
Let c = -8 + 12. List the prime factors of (18/(-8))/((-1)/c).
3
Let y(i) = -i**3 - 6*i**2 - 7*i. Suppose 2*r = -0*r + 8. Suppose 0 = r*a - 6*a - 10. List the prime factors of y(a).
2, 5
Suppose -126 = 26*g - 28*g. What are the prime factors of g?
3, 7
Suppose 2*f - 21 + 9 = 0. Let q(m) = m + 60. Let k be q(0). Suppose k = -o + f*o. List the prime factors of o.
2, 3
Let t be (-2)/1 + 24*3. Suppose -m + t = -6*m. Let z = m - -27. List the prime factors of z.
13
Let z = 4 - 1. Suppose 5*v = 15, -z*v = -2*c - v. What are the prime factors of c?
3
Let l = -54 + 81. Let v(r) = -r**2 - 8*r - 4. Let o be v(-7). Suppose 0 = 4*z + h - l, -o*z - 19 = 4*h - 49. List the prime factors of z.
2, 3
Suppose 0 = 4*t - 3*i - 1455, 3*t - 1456 = -t + 4*i. What are the prime factors of t?
3, 11
Suppose -9*o + 45 = -4*o. What are the prime factors of o?
3
Let d(s) = -9*s - 3. Let i(n) = n + 1. Let p be (-4)/((-16)/6)*-2. Let u be i(p). List the prime factors of d(u).
3, 5
Suppose v = 4*v - 12. Let d be (-30)/v*(-4)/6. Suppose -3 + d = s. List the prime factors of s.
2
Let s be (-49)/(-5) + 2/10. Let u be s/15 + 52/3. Let w = u - 10. List the prime factors of w.
2
Let y = 4 - -39. List the prime factors of y.
43
Let o(n) = 21*n**2 - n + 1. List the prime factors of o(-2).
3, 29
Suppose -3*x = -x + 10, 0 = 3*b - 2*x - 52. What are the prime factors of b?
2, 7
Let g = 17 - -8. List the prime factors of g.
5
Let v(j) = 81*j**2 - j + 1. Let c be v(1). Suppose 77 = 5*y + p, -3*p + 0*p = 5*y - c. List the prime factors of y.
3, 5
Suppose 0 = 5*a - 3*a - 204. List the prime factors of a.
2, 3, 17
Let k = 8 - 5. Suppose -r + k*n + 42 = -2*n, -3*r - 4*n = -31. List the prime factors of r.
17
Suppose 2*a + 2*o + 6 = 4*a, -5*a + 2*o + 21 = 0. Suppose p - a*i + 17 = -p, -3*p = -3*i + 3. List the prime factors of p.
2
Let i(y) = -y**2 + 1. Let l be i(1). Suppose o - 2*n - 9 = l, -o + 0*n + 4*n = -9. Let p(m) = -m**3 + 9*m**2 + m - 2. List the prime factors of p(o).
7
Let u(l) = l + 8. Let f(p) = 2*p + 1. Let g be f(-3). What are the prime factors of u(g)?
3
Suppose a - 5*s - 3 = 34, 5*s - 35 = -5*a. Let k be 80/a*3/(-2). List the prime factors of 1*15*(-4)/k.
2, 3
Suppose 6*x = 2*x + 644. What are the prime factors of x?
7, 23
Let d = 0 + 0. Let u = -2 + 4. What are the prime factors of 6*(d/u + 1)?
2, 3
Suppose 5*r + 0*r = 5*n - 105, -2*n + 17 = 3*r. Let g be n/7 + (-2)/7. Let m = g - -3. What are the prime factors of m?
5
Suppose -c = 4*c - 275. Suppose -5*w + c = l, -4*l - 6 = -4*w + 62. List the prime factors of w.
2, 3
Suppose 0 = 5*m - 9 - 41. Suppose -4*a = -9 - 83. Let o = a - m. What are the prime factors of o?
13
Let o = 74 + -39. What are the prime factors of o?
5, 7
Let c = -15 - -11. Let d = -3 - c. Let x(s) = 8*s. What are the prime factors of x(d)?
2
Suppose 3*b + 39 = 99. Suppose 3*l = -2*l. Suppose 5*f + l*r - 34 = -2*r, -b = -2*f - 4*r. List the prime factors of f.
2, 3
Suppose -x - x + 2*r + 52 = 0, 0 = -x - r + 28. What are the prime factors of x?
3
Let u(c) = 30*c**3 + c**2. Let s(y) = y + 1. Let j be s(0). What are the prime factors of u(j)?
31
What are the prime factors of (-496)/(-6)*(-30)/(-20)?
2, 31
Let i(x) = 3*x + 1. Let r be i(1). Suppose r*z + 85 = 9*z. List the prime factors of z.
17
Let j(o) = -12*o**3 - 4*o**2 + 3*o. Let u be j(2). Let z = -66 - u. Suppose 0 = 4*t + t - z. What are the prime factors of t?
2
Let h be 81 + -2 + 0/(-1). Suppose 4*o - 33 - h = 0. Suppose -2*s - 4*t + o = 0, -5*s - 5*t = -3 - 72. List the prime factors of s.
2
Let y = 24 - 4. List the prime factors of y.
2, 5
Let p be (-1735)/25 - (-3)/(-5). Let t = -36 - p. List the prime factors of t.
2, 17
Let u be (-2)/4 - (-138)/4. Suppose u = 5*o + 9. Suppose 3*b = -r + 25, o = 3*b - 3*r - 4. What are the prime factors of b?
7
Let a = 13 - 13. List the prime factors of a - 1 - (-10)/2.
2
Let a(d) = -23*d**3 - d**2 - 4*d - 3. List the prime factors of a(-1).
23
Let q = -20 + 84. List the prime factors of q.
2
Let a = 265 + -123. List the prime factors of a.
2, 71
Let x be 2/(-3) + (-42)/(-9). Let i = -6 - -10. Suppose -3*f + i*f + x*u + 11 = 0, -f + 14 = -u. List the prime factors of f.
3
What are the prime factors of 2/(52/25 - 2)?
5
Let g = 414 - 244. What are the prime factors of g?
2, 5, 17
Let d(u) = -u**2 + 9*u - 7. Let x = 3 - 0. Suppose 3*k + 50 = 5*j, -2*k = x*k + 25. List the prime factors of d(j).
7
Let y = -71 - -145. List the prime factors of (-1)/6 - y/(-12).
2, 3
Suppose -84 + 0 = -3*m. Let i = 61 - m. What are the prime factors of i?
3, 11
Suppose -2 = 2*a + 3*t - 5, 5 = -a + 5*t. Suppose a*k = -k + 7. List the prime factors of k.
7
Suppose -5*g = 96 - 16. What are the prime factors of g/10*(-5)/2?
2
Let q(o) = 8*o**2 + 3*o + 5. List the prime factors of q(-7).
2, 47
Suppose -15 = 3*t, 2*t - 27 - 71 = -2*d. List the prime factors of d.
2, 3
Let b be ((-4)/1 - -7)/1. Suppose -4*f = -b*l - 99, 2*f = -f - 3*l + 90. What are the prime factors of f?
3
Let x be 0/(0 - -1 - -1). Let y be x + (-5)/((-5)/4). Suppose -2*m + 15 = 5*n + 3*m, -3*n + y*m + 44 = 0. What are the prime factors of n?
2
Let o(q) = q**3 + 5*q**2 - 2*q + 12. List the prime factors of o(-5).
2, 11
Suppose 7*a + 0*a = 385. List the prime factors of a.
5, 11
Suppose 11 = r - s, -3*r + 5*r = -5*s + 1. Suppose 0*x + 2*x - r = 0. Suppose 0 = -5*w - 0*w + h + 102, -3*w - x*h + 75 = 0. What are the prime factors of w?
3, 7
Let t(r) = r - 3. Let v be t(5). Suppose -v*w + 9 = -13. List the prime factors of w.
11
Suppose -5*v - 30 = -5*q, -q + 6*q = -2*v + 9. Suppose -2*r - q*d - 63 = -5*r, -9 = 3*d. What are the prime factors of r?
2, 3
Let o = 15 + -9. Suppose -o*n = -n - 25. Suppose 0*u = -n*u + 95. What are the prime factors of u?
19
Let o = 1 + 42. List the prime factors of o.
43
Suppose -4*w - 723 = -8*w - u, w - 185 = 4*u. List the prime facto